{"id":9746,"date":"2023-02-25T14:12:44","date_gmt":"2023-02-25T13:12:44","guid":{"rendered":"https:\/\/rasenroboterplanet.com\/index.php\/produit\/husqvarna-rasentraktor-tc-238tx-modell-2022-3\/"},"modified":"2023-03-06T11:35:28","modified_gmt":"2023-03-06T10:35:28","slug":"husqvarna-rasentraktor-tc-238tx-modell-2022-3","status":"publish","type":"product","link":"https:\/\/rasenroboterplanet.com\/index.php\/produit\/husqvarna-rasentraktor-tc-238tx-modell-2022-3\/","title":{"rendered":"Husqvarna Rasentraktor TC 238TX \u2013 Modell 2022"},"content":{"rendered":"<p>Motor &amp; AusstattungMarke MotorHusqvarnaMotorbezeichnungV-Twin (B&amp;S)\/656Anzahl Zylinder2Hubraum656 cm\u00b3Motorleistung14 kW \/ 19 PS bei 3600 U\/MinGer\u00e4teleistung10,1 KW \/ 13,7 PS bei 2600 U\/MinKraftstoffBenzinElektrostartjaKraftstofftank13,3 LiterLenkungsmechanismusVorderrad-LenkungK\u00fchlsystemluftgek\u00fchltChokeAutochokeAnzahl G\u00e4nge (V\/R)stufenlosArt der Motorschmierung\u00d6ldruckumlaufschmierung mit \u00d6lfilterGetriebeFu\u00dfhydrostatAntriebHinterradantriebReifengr\u00f6\u00dfe vorne15\u00d76,00\u2033Reifengr\u00f6\u00dfe hinten18\u00d79,50\u2033ReifenprofilRasenprofilVorderachse pendelndjaMaterial Achsevorne: Guss; hinten StahlBordspannung12 VMotorhaubeStahlM\u00e4hdatenSchnittbreite97 cmAnzahl Messer2Schnitth\u00f6hen38-102 mmSchnitth\u00f6henverstellungmanuellM\u00e4hmethodenMulchen, Heckauswurf-SchwadablageMulchkitBioClip im Lieferumfang enthaltenFangenjaMulchkit bestehend ausMulchstopfenHeckauswurf-Schwadablageja, Heckdeflektor optional erh\u00e4ltlichVolumen Fangkorb320 LiterLuftleitsystemHusqvarna Air Induction\u2122F\u00fcllstandsanzeigeakustischM\u00e4hwerkseinschaltungelektromagnetischFangkorbentleerungmanuell vom Sitz aus \u00fcber TeleskopstangeWasserschlauchanschlussjaAnzahl F\u00fchrungsr\u00e4der M\u00e4hwerk2M\u00e4hwerkstypgestanzt, verst\u00e4rktM\u00e4hen im R\u00fcckw\u00e4rtsgangjaMaterial R\u00fcckwandStahlBioclipZuschaltung vom SitzKomfortSitzGro\u00dfer Deluxe KomfortsitzBetriebsstundenz\u00e4hlerBetriebsstundenz\u00e4hler mit ServicealarmScheinwerferLEDGetr\u00e4nkehalterjaSto\u00dff\u00e4ngerjaTempomatneinLieferumfangGrundger\u00e4t1Grasfangkorb1Z\u00fcndschl\u00fcssel2Bedienungsanleitung Ger\u00e4t1Umwelt, Ma\u00dfe und GewichtGewicht265 kgAbmessungen (L x B x H)240 x 127 x 102 cmgarantierter Schallleistungspegel (LWA)100 dB(A)Garantie2 Jahre bei privater NutzungSchalldruckpegel am Ohr der Bedienperson94 dB(A)Artikel-Nr \/ EANArtikel-Nr.:\u00a0960 51 01-92EAN:7392930297470<\/p>\n","protected":false},"excerpt":{"rendered":"<div class=\"wd-after-add-to-cart\">\n<ul>\n<li><strong>Auf Lager<\/strong><\/li>\n<li><strong>Lieferung nach Deutschland :\u00a0<\/strong>Gratisversand (5 \u2013 7 Tagen) : 0\u20ac\u00a0 \u00a0 \u00a0 \u00a0 \u00a0 \u00a0 \u00a0 \u00a0 \u00a0 \u00a0 \u00a0 \u00a0 \u00a0 \u00a0 \u00a0 \u00a0 \u00a0 \u00a0 \u00a0 \u00a0 \u00a0 \u00a0 \u00a0 \u00a0 \u00a0 \u00a0 \u00a0 \u00a0 \u00a0 \u00a0 \u00a0\u00a0Expressversand (1 \u2013 3 Tagen) : 59,99\u20ac<\/li>\n<li><strong>Lieferung in \u00d6sterreich &amp; Schweiz :\u00a0<\/strong>( 7 Tagen ) : 79,99\u20ac<\/li>\n<li><strong>R\u00fcckgabe innerhalb von 14 Tagen<\/strong><\/li>\n<\/ul>\n<\/div>\n<div class=\"product_meta\"><span class=\"sku_wrapper\">Artikelnummer:\u00a0<span class=\"sku\">1645119762-1204<\/span><\/span><span class=\"posted_in\">Kategorie:\u00a0<a href=\"https:\/\/www.bussler-rasenmaher.com\/produkt-cat\/rasentraktoren\/\" rel=\"tag\">Rasentraktoren<\/a><\/span><\/div>\n","protected":false},"featured_media":8942,"template":"","meta":[],"product_brand":[],"product_cat":[72],"product_tag":[78,99],"class_list":{"0":"post-9746","1":"product","2":"type-product","3":"status-publish","4":"has-post-thumbnail","6":"product_cat-gartentraktoren","7":"product_tag-gartentraktoren","8":"product_tag-husqvarna","10":"first","11":"instock","12":"sale","13":"shipping-taxable","14":"purchasable","15":"product-type-simple"},"_links":{"self":[{"href":"https:\/\/rasenroboterplanet.com\/index.php\/wp-json\/wp\/v2\/product\/9746","targetHints":{"allow":["GET"]}}],"collection":[{"href":"https:\/\/rasenroboterplanet.com\/index.php\/wp-json\/wp\/v2\/product"}],"about":[{"href":"https:\/\/rasenroboterplanet.com\/index.php\/wp-json\/wp\/v2\/types\/product"}],"version-history":[{"count":3,"href":"https:\/\/rasenroboterplanet.com\/index.php\/wp-json\/wp\/v2\/product\/9746\/revisions"}],"predecessor-version":[{"id":10943,"href":"https:\/\/rasenroboterplanet.com\/index.php\/wp-json\/wp\/v2\/product\/9746\/revisions\/10943"}],"wp:featuredmedia":[{"embeddable":true,"href":"https:\/\/rasenroboterplanet.com\/index.php\/wp-json\/wp\/v2\/media\/8942"}],"wp:attachment":[{"href":"https:\/\/rasenroboterplanet.com\/index.php\/wp-json\/wp\/v2\/media?parent=9746"}],"wp:term":[{"taxonomy":"product_brand","embeddable":true,"href":"https:\/\/rasenroboterplanet.com\/index.php\/wp-json\/wp\/v2\/product_brand?post=9746"},{"taxonomy":"product_cat","embeddable":true,"href":"https:\/\/rasenroboterplanet.com\/index.php\/wp-json\/wp\/v2\/product_cat?post=9746"},{"taxonomy":"product_tag","embeddable":true,"href":"https:\/\/rasenroboterplanet.com\/index.php\/wp-json\/wp\/v2\/product_tag?post=9746"}],"curies":[{"name":"wp","href":"https:\/\/api.w.org\/{rel}","templated":true}]}}