{"id":10787,"date":"2023-03-02T19:32:54","date_gmt":"2023-03-02T18:32:54","guid":{"rendered":"https:\/\/rasenroboterplanet.com\/?post_type=product&#038;p=10787"},"modified":"2023-03-04T20:50:56","modified_gmt":"2023-03-04T19:50:56","slug":"akku-rasenmaeher-makita-dlm-536pt2-2x18v-50ah-inkl","status":"publish","type":"product","link":"https:\/\/rasenroboterplanet.com\/index.php\/produit\/akku-rasenmaeher-makita-dlm-536pt2-2x18v-50ah-inkl\/","title":{"rendered":"Akku Rasenm\u00e4her MAKITA DLM 536PT2 2x18V 5,0Ah inkl."},"content":{"rendered":"<p>Ger\u00e4uscharmer 2 x 18 V Akku-Rasenm\u00e4her mit<br \/>\nrobustem Stahldeck f\u00fcr gro\u00dfe Rasenfl\u00e4chen. Mit vier<br \/>\nAkku-Steckpl\u00e4tzen zur Verdoppelung der<br \/>\nReichweite. Der Radantrieb ist autark und ohne<br \/>\nM\u00e4hwerk nutzbar. Einschaltbarer Leise-Modus f\u00fcr<br \/>\nein ger\u00e4uschempfindliches Umfeld.<br \/>\nF\u00fcllstandsanzeige am 70 Liter Grasfangkorb. Mit<br \/>\nAkku-Ladestandanzeige direkt am F\u00fchrungsholm. 4<br \/>\nin 1: M\u00e4hen, Sammeln, Mulchen, Seitenauswurf.<br \/>\nArtikeltyp<br \/>\nM\u00e4her<br \/>\nAusf\u00fchrung<br \/>\nRasenm\u00e4her<br \/>\nAkkuspannung<br \/>\n36 V<br \/>\nAkkukapazit\u00e4t<br \/>\n2 x 5 Ah<br \/>\nAkkutechnik<br \/>\nLi-Ionen<br \/>\nAnzahl Akkus<br \/>\n2 Akkus<br \/>\nArt Ladeger\u00e4t<br \/>\nSchnellladeger\u00e4t<br \/>\nSchnittbreite<br \/>\n53 cm<br \/>\nH\u00f6henverstellung<br \/>\n10-fach<br \/>\nSchnitth\u00f6he min &#8211; max<br \/>\n20 mm &#8211; 100 mm<br \/>\nGewicht inkl. Akku<br \/>\n42,8 kg<br \/>\nMulchkit<br \/>\nInklusive<br \/>\nMaterial M\u00e4hdeck<br \/>\nStahlblech<br \/>\nAntriebsfunktion<br \/>\nVariabel einstellbarer Radantrieb<br \/>\nSeitenauswurf<br \/>\nNein<br \/>\nEinsatzbereich<br \/>\nAu\u00dfen<br \/>\nAnwendung<br \/>\nM\u00e4hen, Mulchen<br \/>\nFl\u00e4chenempfehlung<br \/>\nF\u00fcr bis zu 2000 m\u00b2<br \/>\nAntriebsart<br \/>\nAkku<br \/>\nSchalldruckpegel (LpA)<br \/>\n78,5<br \/>\nSchallleistungspegel (LWA)<br \/>\n90,3<br \/>\nElektroaltger\u00e4t-R\u00fccknahme<br \/>\nIm Bestellverlauf k\u00f6nnen Sie ausw\u00e4hlen, ob Sie ihr Elektro-Ger\u00e4t kostenlos zur\u00fcckgeben m\u00f6chten. Bitte beachten Sie die Hinweise zur Entsorgung: www.hornbach.de\/entsorgung<br \/>\nHinweis zur Entsorgung<br \/>\nBitte beachten Sie die Hinweise zur Entsorgung: www.hornbach.de\/entsorgung<br \/>\nLieferanten-Artikelnummer<br \/>\nDLM536PT2<br \/>\nEAN<br \/>\n088381735148, 2007009421414<\/p>\n","protected":false},"excerpt":{"rendered":"<p>Art-Nr. 10659863<br \/>\nSchnittbreite: 53 cm<br \/>\nAkkuspannung: 36 V<br \/>\nAntriebsfunktion: Variabel einstellbarer Radantrieb<\/p>\n","protected":false},"featured_media":10789,"template":"","meta":[],"product_brand":[],"product_cat":[73],"product_tag":[106,82,80],"class_list":{"0":"post-10787","1":"product","2":"type-product","3":"status-publish","4":"has-post-thumbnail","6":"product_cat-rasenmaeher","7":"product_tag-makita","8":"product_tag-profi-rasenmaeher","9":"product_tag-rasenmaeher","11":"first","12":"instock","13":"sale","14":"shipping-taxable","15":"purchasable","16":"product-type-simple"},"_links":{"self":[{"href":"https:\/\/rasenroboterplanet.com\/index.php\/wp-json\/wp\/v2\/product\/10787","targetHints":{"allow":["GET"]}}],"collection":[{"href":"https:\/\/rasenroboterplanet.com\/index.php\/wp-json\/wp\/v2\/product"}],"about":[{"href":"https:\/\/rasenroboterplanet.com\/index.php\/wp-json\/wp\/v2\/types\/product"}],"version-history":[{"count":1,"href":"https:\/\/rasenroboterplanet.com\/index.php\/wp-json\/wp\/v2\/product\/10787\/revisions"}],"predecessor-version":[{"id":10790,"href":"https:\/\/rasenroboterplanet.com\/index.php\/wp-json\/wp\/v2\/product\/10787\/revisions\/10790"}],"wp:featuredmedia":[{"embeddable":true,"href":"https:\/\/rasenroboterplanet.com\/index.php\/wp-json\/wp\/v2\/media\/10789"}],"wp:attachment":[{"href":"https:\/\/rasenroboterplanet.com\/index.php\/wp-json\/wp\/v2\/media?parent=10787"}],"wp:term":[{"taxonomy":"product_brand","embeddable":true,"href":"https:\/\/rasenroboterplanet.com\/index.php\/wp-json\/wp\/v2\/product_brand?post=10787"},{"taxonomy":"product_cat","embeddable":true,"href":"https:\/\/rasenroboterplanet.com\/index.php\/wp-json\/wp\/v2\/product_cat?post=10787"},{"taxonomy":"product_tag","embeddable":true,"href":"https:\/\/rasenroboterplanet.com\/index.php\/wp-json\/wp\/v2\/product_tag?post=10787"}],"curies":[{"name":"wp","href":"https:\/\/api.w.org\/{rel}","templated":true}]}}