{"id":10770,"date":"2023-03-02T18:55:54","date_gmt":"2023-03-02T17:55:54","guid":{"rendered":"https:\/\/rasenroboterplanet.com\/?post_type=product&#038;p=10770"},"modified":"2023-03-04T23:18:09","modified_gmt":"2023-03-04T22:18:09","slug":"texas-benzin-profi-rotormaeher-multi-cut-610","status":"publish","type":"product","link":"https:\/\/rasenroboterplanet.com\/index.php\/produit\/texas-benzin-profi-rotormaeher-multi-cut-610\/","title":{"rendered":"Texas Benzin-Profi Rotorm\u00e4her Multi Cut 610"},"content":{"rendered":"<p>Der Texas Benzin-Profi Rotorm\u00e4her Multi Cut 610 hat eine perfekte Laufruhe. Der Antrieb und die Geschwindigkeit k\u00f6nnen perfekt f\u00fcr das Gel\u00e4nde eingestellt werden. Der Multi Cut 610 ist mit einem Leistungsstarken Loncin-Motor ausgestattet.<\/p>\n<p>Technische Daten<br \/>\nProduktmerkmale<br \/>\nHubraum: 196 cm\u00b3<br \/>\nSchnittbreite: 61 cm<br \/>\nRadantrieb: Ja<br \/>\nMulchfunktion: Nein<br \/>\nZentrale Schnitth\u00f6henverstellung: Ja<br \/>\nMin. Schnitth\u00f6he: 25 mm<br \/>\nMax. Schnitth\u00f6he: 75 mm<br \/>\nGrasauswurf: Seitenauswurf<br \/>\nMaterial (Geh\u00e4use): Stahl<br \/>\nRadlager: Kugellager<br \/>\nAnzahl Schnitth\u00f6henabstufungen: 4 St\u00fcck<br \/>\nFl\u00e4chenempfehlung: bis 3000 m\u00b2<br \/>\nMa\u00dfe und Gewicht<br \/>\nGewicht: 60,0 kg<br \/>\nH\u00f6he: 6,5 cm<br \/>\nBreite: 7,0 cm<br \/>\nTiefe: 11,5 cm<\/p>\n","protected":false},"excerpt":{"rendered":"<p>Leistungsstarker 3600 W Motor<br \/>\nSchnittbreite: 61 cm<br \/>\nRegulierbarer Radantrieb<br \/>\n4-Fach H\u00f6henverstellbar<\/p>\n","protected":false},"featured_media":10771,"template":"","meta":[],"product_brand":[],"product_cat":[73],"product_tag":[80,101],"class_list":{"0":"post-10770","1":"product","2":"type-product","3":"status-publish","4":"has-post-thumbnail","6":"product_cat-rasenmaeher","7":"product_tag-rasenmaeher","8":"product_tag-texas","10":"first","11":"instock","12":"sale","13":"shipping-taxable","14":"purchasable","15":"product-type-simple"},"_links":{"self":[{"href":"https:\/\/rasenroboterplanet.com\/index.php\/wp-json\/wp\/v2\/product\/10770","targetHints":{"allow":["GET"]}}],"collection":[{"href":"https:\/\/rasenroboterplanet.com\/index.php\/wp-json\/wp\/v2\/product"}],"about":[{"href":"https:\/\/rasenroboterplanet.com\/index.php\/wp-json\/wp\/v2\/types\/product"}],"version-history":[{"count":1,"href":"https:\/\/rasenroboterplanet.com\/index.php\/wp-json\/wp\/v2\/product\/10770\/revisions"}],"predecessor-version":[{"id":10772,"href":"https:\/\/rasenroboterplanet.com\/index.php\/wp-json\/wp\/v2\/product\/10770\/revisions\/10772"}],"wp:featuredmedia":[{"embeddable":true,"href":"https:\/\/rasenroboterplanet.com\/index.php\/wp-json\/wp\/v2\/media\/10771"}],"wp:attachment":[{"href":"https:\/\/rasenroboterplanet.com\/index.php\/wp-json\/wp\/v2\/media?parent=10770"}],"wp:term":[{"taxonomy":"product_brand","embeddable":true,"href":"https:\/\/rasenroboterplanet.com\/index.php\/wp-json\/wp\/v2\/product_brand?post=10770"},{"taxonomy":"product_cat","embeddable":true,"href":"https:\/\/rasenroboterplanet.com\/index.php\/wp-json\/wp\/v2\/product_cat?post=10770"},{"taxonomy":"product_tag","embeddable":true,"href":"https:\/\/rasenroboterplanet.com\/index.php\/wp-json\/wp\/v2\/product_tag?post=10770"}],"curies":[{"name":"wp","href":"https:\/\/api.w.org\/{rel}","templated":true}]}}