{"id":10749,"date":"2023-03-02T18:21:38","date_gmt":"2023-03-02T17:21:38","guid":{"rendered":"https:\/\/rasenroboterplanet.com\/?post_type=product&#038;p=10749"},"modified":"2023-03-04T23:35:34","modified_gmt":"2023-03-04T22:35:34","slug":"worx-akku-rasenmaeher-wg761e-53-cm-80-v","status":"publish","type":"product","link":"https:\/\/rasenroboterplanet.com\/index.php\/produit\/worx-akku-rasenmaeher-wg761e-53-cm-80-v\/","title":{"rendered":"Worx Akku-Rasenm\u00e4her WG761E 53 cm 80 V"},"content":{"rendered":"<p>Der Worx Akku-Rasenm\u00e4her WG761E eignet sich f\u00fcr eine Fl\u00e4che von bis zu 500 m\u00b2. Die Schnittbreite betr\u00e4gt 53 cm, die Schnitth\u00f6he ist 7-fach verstellbar und die AKkus austauschbar.<\/p>\n<p>Weitere Details:<br \/>\n&#8211; Angetrieben von 4 x 20 V 4 Ah Batterien, bis zu 1000 m\u00b2 mit einer Ladung<br \/>\n&#8211; Hocheffizienter b\u00fcrstenloser Motor<br \/>\n&#8211; Selbstfahrend mit variabler Geschwindigkeitseinstellung<br \/>\n&#8211; Auto-Intellicut-Technologie passt die Motorleistung automatisch an<br \/>\n&#8211; 3-in-1: Auffangen von S\u00e4cken\/Mulchen\/Seitenauswurf<br \/>\n&#8211; Stahlm\u00e4hdeck bietet Haltbarkeit und erstklassige Mulchfunktionen<br \/>\n&#8211; Schneller Wechsel zwischen Fangkorb und Mulchbetrieb<br \/>\n&#8211; Klappbarer Griff f\u00fcr kompakte Aufbewahrung im Stehen<br \/>\n&#8211; Schnell einstellbarer, 3-fach h\u00f6henverstellbarer Griff f\u00fcr komfortables Arbeiten<br \/>\n&#8211; LED-Licht f\u00fcr bessere Sicht in dunklen Bereichen<br \/>\n&#8211; One-Touch und Einhebel-H\u00f6henverstellung in 7 Positionen<br \/>\n&#8211; Kugelgelagerte R\u00e4der<br \/>\n&#8211; PowerShare Pro-Akku bietet eine l\u00e4ngere Laufzeit, schnellere Ladezeit und l\u00e4ngere Lebensdauer<\/p>\n<p>Technische Daten<br \/>\nProduktmerkmale<br \/>\nSchnittbreite: 53 cm<br \/>\nMulchfunktion: Ja<br \/>\nZentrale Schnitth\u00f6henverstellung: Ja<br \/>\nMin. Schnitth\u00f6he: 20 mm<br \/>\nMax. Schnitth\u00f6he: 80 mm<br \/>\nFangvolumen: 70 l<br \/>\nRadlager: Kugellager<br \/>\nSchnellladeger\u00e4t: Ja<br \/>\nAkkuspannung: 80 V<br \/>\nAkkuladung: 4 Ah<br \/>\nAnzahl Schnitth\u00f6henabstufungen: 7 St\u00fcck<br \/>\nFl\u00e4chenempfehlung: bis 1000 m\u00b2<br \/>\nMaximale Akkuspannung: 20,0 V<br \/>\nMa\u00dfe und Gewicht<br \/>\nGewicht: 33,0 kg<br \/>\nH\u00f6he: 45,0 cm<br \/>\nBreite: 63,0 cm<br \/>\nTiefe: 109,0 cm<\/p>\n","protected":false},"excerpt":{"rendered":"<p>Hocheffizienter b\u00fcrstenloser Motor<br \/>\nSelbstfahrend mit variabler Geschwindigkeitseinstellung<br \/>\nAuto-Intellicut-Technologie passt Motorleistung automatisch an<br \/>\n3-in-1: Auffangen von S\u00e4cken\/Mulchen\/Seitenauswurf<br \/>\nKlappbarer Griff f\u00fcr kompakte Aufbewahrung im Stehen<\/p>\n","protected":false},"featured_media":10750,"template":"","meta":[],"product_brand":[],"product_cat":[73],"product_tag":[80,112],"class_list":{"0":"post-10749","1":"product","2":"type-product","3":"status-publish","4":"has-post-thumbnail","6":"product_cat-rasenmaeher","7":"product_tag-rasenmaeher","8":"product_tag-worx","10":"first","11":"instock","12":"sale","13":"shipping-taxable","14":"purchasable","15":"product-type-simple"},"_links":{"self":[{"href":"https:\/\/rasenroboterplanet.com\/index.php\/wp-json\/wp\/v2\/product\/10749","targetHints":{"allow":["GET"]}}],"collection":[{"href":"https:\/\/rasenroboterplanet.com\/index.php\/wp-json\/wp\/v2\/product"}],"about":[{"href":"https:\/\/rasenroboterplanet.com\/index.php\/wp-json\/wp\/v2\/types\/product"}],"version-history":[{"count":2,"href":"https:\/\/rasenroboterplanet.com\/index.php\/wp-json\/wp\/v2\/product\/10749\/revisions"}],"predecessor-version":[{"id":10752,"href":"https:\/\/rasenroboterplanet.com\/index.php\/wp-json\/wp\/v2\/product\/10749\/revisions\/10752"}],"wp:featuredmedia":[{"embeddable":true,"href":"https:\/\/rasenroboterplanet.com\/index.php\/wp-json\/wp\/v2\/media\/10750"}],"wp:attachment":[{"href":"https:\/\/rasenroboterplanet.com\/index.php\/wp-json\/wp\/v2\/media?parent=10749"}],"wp:term":[{"taxonomy":"product_brand","embeddable":true,"href":"https:\/\/rasenroboterplanet.com\/index.php\/wp-json\/wp\/v2\/product_brand?post=10749"},{"taxonomy":"product_cat","embeddable":true,"href":"https:\/\/rasenroboterplanet.com\/index.php\/wp-json\/wp\/v2\/product_cat?post=10749"},{"taxonomy":"product_tag","embeddable":true,"href":"https:\/\/rasenroboterplanet.com\/index.php\/wp-json\/wp\/v2\/product_tag?post=10749"}],"curies":[{"name":"wp","href":"https:\/\/api.w.org\/{rel}","templated":true}]}}